{"id":295,"date":"2019-05-22T10:37:47","date_gmt":"2019-05-22T08:37:47","guid":{"rendered":"http:\/\/biosedev.com\/index.php\/materialis\/"},"modified":"2021-02-23T09:47:41","modified_gmt":"2021-02-23T08:47:41","slug":"materialis","status":"publish","type":"page","link":"https:\/\/biosedev.com\/","title":{"rendered":"Front Page"},"content":{"rendered":"\t\t<div data-elementor-type=\"wp-post\" data-elementor-id=\"295\" class=\"elementor elementor-295\">\n\t\t\t\t\t\t<div class=\"elementor-inner\">\n\t\t\t\t<div class=\"elementor-section-wrap\">\n\t\t\t\t\t\t\t\t\t<section class=\"elementor-section elementor-top-section elementor-element elementor-element-45c09fd2 elementor-section-boxed elementor-section-height-default elementor-section-height-default\" data-id=\"45c09fd2\" data-element_type=\"section\">\n\t\t\t\t\t\t<div class=\"elementor-container elementor-column-gap-default\">\n\t\t\t\t\t\t\t<div class=\"elementor-row\">\n\t\t\t\t\t<div class=\"elementor-column elementor-col-100 elementor-top-column elementor-element elementor-element-74289ee3\" data-id=\"74289ee3\" data-element_type=\"column\">\n\t\t\t<div class=\"elementor-column-wrap elementor-element-populated\">\n\t\t\t\t\t\t\t<div class=\"elementor-widget-wrap\">\n\t\t\t\t\t\t<div class=\"elementor-element elementor-element-8ad382a elementor-widget elementor-widget-text-editor\" data-id=\"8ad382a\" data-element_type=\"widget\" data-widget_type=\"text-editor.default\">\n\t\t\t\t<div class=\"elementor-widget-container\">\n\t\t\t\t\t\t\t\t<div class=\"elementor-text-editor elementor-clearfix\">\n\t\t\t\t<!-- wp:extendstudio\/materialis -->\n<div id=\"about-6\" class=\"about-4 content-section content-section-spacing-large\" style=\"background-color: #f5fafd;\" data-label=\"About\" data-id=\"about-4\" data-export-id=\"about-4\" data-category=\"about\">\n<div class=\"gridContainer\">\n<div class=\"row middle-sm text-center\">\n<div class=\"col-sm-5 space-bottom-xs\" data-type=\"column\">\n<h3 style=\"text-align: center;\">UN PROCEDE UNIQUE<\/h3>\n<h3><span style=\"font-family: Playfair Display,sans-serif; font-weight: bold; font-style:  italic;\">Valoriser<\/span> les ressources\u00a0du <span style=\"font-family: Playfair Display,sans-serif; font-weight: bold; font-style: italic;\">v\u00e9g\u00e9tal <\/span> en ingr\u00e9dients pour la chimie de demain<\/h3>\n<p class=\"\">Nous offrons des ingr\u00e9dients durables produits \u00e0 partir de ressources locales. Le proc\u00e9d\u00e9 totalement flexible permet d\u2019offrir un produit sur-mesure en fonction de votre demande<\/p>\n<a class=\"button big color1 mdc-ripple-upgraded\" href=\"http:\/\/biosedev.com\/index.php\/nos-produits\/\" rel=\"noopener noreferrer\" data-cp-link=\"1\">Notre proc\u00e9d\u00e9<\/a>\n\n<\/div>\n<div class=\"col-sm-7 flexbox center-xs middle-xs image-group-2-img padding-top-bottom\"><img class=\"img-1 rounded mdc-elevation--z10\" src=\"http:\/\/biosedev.com\/wp-content\/uploads\/2019\/05\/Polysaccmill-108.jpg\" data-size=\"250x200\" \/> <img class=\"img-2 rounded mdc-elevation--z10\" src=\"http:\/\/biosedev.com\/wp-content\/uploads\/2019\/05\/Polysaccmill-118.jpg\" data-size=\"220x170\" \/><\/div>\n<\/div>\n<\/div>\n<\/div>\n<img loading=\"lazy\" class=\"aligncenter size-full wp-image-484\" src=\"http:\/\/biosedev.com\/wp-content\/uploads\/2019\/05\/terrefinal.jpg\" alt=\"\" width=\"957\" height=\"1072\" srcset=\"https:\/\/biosedev.com\/wp-content\/uploads\/2019\/05\/terrefinal.jpg 957w, https:\/\/biosedev.com\/wp-content\/uploads\/2019\/05\/terrefinal-268x300.jpg 268w, https:\/\/biosedev.com\/wp-content\/uploads\/2019\/05\/terrefinal-768x860.jpg 768w, https:\/\/biosedev.com\/wp-content\/uploads\/2019\/05\/terrefinal-914x1024.jpg 914w\" sizes=\"(max-width: 957px) 100vw, 957px\" \/>\n<div id=\"team-1\" class=\"team-1m content-section content-section-spacing-large\" style=\"background-color: #f5fafd;\" data-label=\"Team\" data-id=\"team--1\" data-export-id=\"team-1-materialis\" data-category=\"team\">\n<div class=\"gridContainer\">\n<div class=\"row text-center space-bottom\">\n<div class=\"section-title-col\" data-type=\"column\">\n<h2 class=\"\"><\/h2>\n<h2 class=\"\">Notre \u00e9quipe<\/h2>\n<\/div>\n<\/div>\n<div class=\"row spaced-cols content-center-sm\" data-type=\"row\">\n<div class=\"col-xs-12 col-sm-6 col-md-3\">\n<div class=\"card mdc-elevation--z3 y-move no-padding no-radius\">\n\n<img class=\"face space-bottom-small\" src=\"http:\/\/biosedev.com\/wp-content\/uploads\/2019\/05\/Polysaccmill-125-e1558515058945.jpg\" \/>\n<div class=\"col-padding-small col-padding-small-xs description-container\" data-type=\"column\">\n<h6 class=\"no-margin-bottom font-700\">Florent BOISSOU<\/h6>\n<p class=\"font-300\">Co-fondateur<\/p>\n\n<\/div>\n<\/div>\n<\/div>\n<div class=\"col-xs-12 col-sm-6 col-md-3\">\n<div class=\"card mdc-elevation--z3 y-move no-padding no-radius\">\n\n<img class=\"face space-bottom-small\" src=\"http:\/\/biosedev.com\/wp-content\/uploads\/2019\/05\/Polysaccmill-124-e1558515135990.jpg\" \/>\n<div class=\"col-padding-small col-padding-small-xs description-container\" data-type=\"column\">\n<h6 class=\"no-margin-bottom font-700\">Julien SOUQUET-GRUMEY<\/h6>\n<p class=\"font-300\">Co-fondateur<\/p>\n\n<\/div>\n<\/div>\n<\/div>\n<!-- \/wp:extendstudio\/materialis -->\n\n\n\n<!-- CloudPress Companion Preview Data START -->\n\n<!-- wp:extendstudio\/materialis -->\n<div id=\"latest-news-1\" class=\"latest-news-1-materialis content-section content-section-spacing-large\" style=\"background-color: #f5fafd;\" data-label=\"Latest-news\" data-id=\"latest-news-1-materialis\" data-export-id=\"latest-news-1-materialis\" data-category=\"latest_news\">\n<div class=\"gridContainer\">\n<div class=\"row\">\n<div class=\"section-title-col\" data-type=\"column\">\n<h2 class=\"\">Actualit\u00e9<\/h2>\n<p class=\"lead\">Vous trouverez nos derni\u00e8res avanc\u00e9es mais aussi nos conf\u00e9rences et bien plus<\/p>\n\n<\/div>\n<\/div>\n<div class=\"row content-left-sm\">\n<div data-type=\"row\" data-dynamic-columns=\"handled\" data-content-shortcode=\"materialis_latest_news\" data-max-items=\"2\">\t\t<div class=\"row materialis-latest-news\">\n\t\t\t\t\t<div id=\"post-1384\" class=\"col-sm-6 col-md-4 space-bottom space-bottom-xs\">\n\t\t\t\t\t<div class=\"post-content no-padding  mdc-card overflow-hidden mdc-elevation--z2 latest-news-layout-cards\">\n\t\t\t\t\t<div class=\"\">\n\t\t\t\t    <div class=\"post-thumbnail\">\n        <a href=\"https:\/\/biosedev.com\/index.php\/2025\/01\/09\/innovationmousse\/\" class=\"post-list-item-thumb \">\n            <img width=\"800\" height=\"835\" src=\"https:\/\/biosedev.com\/wp-content\/uploads\/2025\/01\/Agent-moussant.jpg\" class=\"attachment-post-thumbnail size-post-thumbnail wp-post-image\" alt=\"\" loading=\"lazy\" srcset=\"https:\/\/biosedev.com\/wp-content\/uploads\/2025\/01\/Agent-moussant.jpg 800w, https:\/\/biosedev.com\/wp-content\/uploads\/2025\/01\/Agent-moussant-287x300.jpg 287w, https:\/\/biosedev.com\/wp-content\/uploads\/2025\/01\/Agent-moussant-768x802.jpg 768w\" sizes=\"(max-width: 800px) 100vw, 800px\" \/>        <\/a>\n    <\/div>\n    \t\t\t<\/div>\n\t\t\n\t\t<div class=\"post-content-body col-padding  \">\n\t\t\t\t\t\t\t<div class=\"space-bottom-small\">\n\t\t\t\t\t<a href=\"https:\/\/biosedev.com\/index.php\/category\/annonces\/\"  class=\"button color5 link \">Annonces<\/a><span class='has-more-categories'>[&hellip;]<\/span>\t\t\t\t<\/div>\n\t\t\t\n\t\t\t<h4 class=\"latest-news-item-title\">\n\t\t\t\t<a href=\"https:\/\/biosedev.com\/index.php\/2025\/01\/09\/innovationmousse\/\" rel=\"bookmark\">\n\t\t\t\t\tL\u2019innovation en \u00e9bullition : un voyage vers la mousse parfaite\t\t\t\t<\/a>\n\t\t\t<\/h4>\n\n\t\t\t\n\t\t\t<div class=\"latest-news-item-excerpt\">\n\t\t\t\t<p>Imaginez une farine v\u00e9g\u00e9tale qui ne se contente plus d&#8217;\u00e9paissir, mais qui devient un ingr\u00e9dient[&hellip;]\n\t\t\t<\/div>\n\n\n\t\t<\/div>\n\t\t\t\t\t\t\t<div class=\"mdc-card__actions box-padding-lr-small text-dark\">\n\t\t\t\t<div class=\"mdc-card__action-icons col-xs-12 text-dark col-sm-fit no-padding-left\">\n\t\t\t\t\t\t<a class=\"post-footer-link\" href=\"https:\/\/biosedev.com\/index.php\/2025\/01\/09\/innovationmousse\/\">\n\t\t<i class=\"mdi small mdi-comment-outline mdc-card__action mdc-card__action--icon color-darkgray\" title=\"Comments\"><\/i>\n\t\t<span class=\"post-footer-value\">0<\/span>\n\t<\/a>\n\t<a class=\"post-footer-link\" href=\"https:\/\/biosedev.com\/index.php\/2025\/01\/09\/innovationmousse\/\">\n\t\t<i class=\"mdi small mdi-clock mdc-card__action mdc-card__action--icon color-darkgray\" title=\"Post Time\"><\/i>\n\t\t<span class=\"post-footer-value\">9 janvier 2025<\/span>\n\t<\/a>\n\t\t\t\t\t<\/div>\n\t\t\t\t<div class=\"mdc-card__action-buttons col-xs-12 col-sm-fit no-padding\">\n\t\t\t\t\t<a href=\"https:\/\/biosedev.com\/index.php\/2025\/01\/09\/innovationmousse\/\" class=\"button color2 link\">Lire la suite<\/a>\n\t\t\t\t<\/div>\n\t\t\t<\/div>\n\t\t\t<\/div>\n\t\t\t\t<\/div>\n\t\t\t\t\t\t<div id=\"post-1391\" class=\"col-sm-6 col-md-4 space-bottom space-bottom-xs\">\n\t\t\t\t\t<div class=\"post-content no-padding  mdc-card overflow-hidden mdc-elevation--z2 latest-news-layout-cards\">\n\t\t\t\t\t<div class=\"\">\n\t\t\t\t    <div class=\"post-thumbnail\">\n        <a href=\"https:\/\/biosedev.com\/index.php\/2025\/01\/01\/1391\/\" class=\"post-list-item-thumb \">\n            <img width=\"800\" height=\"800\" src=\"https:\/\/biosedev.com\/wp-content\/uploads\/2025\/01\/Bonne-annee-2025.jpg\" class=\"attachment-post-thumbnail size-post-thumbnail wp-post-image\" alt=\"\" loading=\"lazy\" srcset=\"https:\/\/biosedev.com\/wp-content\/uploads\/2025\/01\/Bonne-annee-2025.jpg 800w, https:\/\/biosedev.com\/wp-content\/uploads\/2025\/01\/Bonne-annee-2025-300x300.jpg 300w, https:\/\/biosedev.com\/wp-content\/uploads\/2025\/01\/Bonne-annee-2025-150x150.jpg 150w, https:\/\/biosedev.com\/wp-content\/uploads\/2025\/01\/Bonne-annee-2025-768x768.jpg 768w\" sizes=\"(max-width: 800px) 100vw, 800px\" \/>        <\/a>\n    <\/div>\n    \t\t\t<\/div>\n\t\t\n\t\t<div class=\"post-content-body col-padding  \">\n\t\t\t\t\t\t\t<div class=\"space-bottom-small\">\n\t\t\t\t\t<a href=\"https:\/\/biosedev.com\/index.php\/category\/annonces\/\"  class=\"button color5 link \">Annonces<\/a>\t\t\t\t<\/div>\n\t\t\t\n\t\t\t<h4 class=\"latest-news-item-title\">\n\t\t\t\t<a href=\"https:\/\/biosedev.com\/index.php\/2025\/01\/01\/1391\/\" rel=\"bookmark\">\n\t\t\t\t\tMeilleurs V\u0153ux 2025\t\t\t\t<\/a>\n\t\t\t<\/h4>\n\n\t\t\t\n\t\t\t<div class=\"latest-news-item-excerpt\">\n\t\t\t\t<p>\u2728 Bonne ann\u00e9e 2025 \u00e0 toutes et \u00e0 tous ! \u2728En ce d\u00e9but d\u2019ann\u00e9e, l\u2019\u00e9quipe[&hellip;]\n\t\t\t<\/div>\n\n\n\t\t<\/div>\n\t\t\t\t\t\t\t<div class=\"mdc-card__actions box-padding-lr-small text-dark\">\n\t\t\t\t<div class=\"mdc-card__action-icons col-xs-12 text-dark col-sm-fit no-padding-left\">\n\t\t\t\t\t\t<a class=\"post-footer-link\" href=\"https:\/\/biosedev.com\/index.php\/2025\/01\/01\/1391\/\">\n\t\t<i class=\"mdi small mdi-comment-outline mdc-card__action mdc-card__action--icon color-darkgray\" title=\"Comments\"><\/i>\n\t\t<span class=\"post-footer-value\">0<\/span>\n\t<\/a>\n\t<a class=\"post-footer-link\" href=\"https:\/\/biosedev.com\/index.php\/2025\/01\/01\/1391\/\">\n\t\t<i class=\"mdi small mdi-clock mdc-card__action mdc-card__action--icon color-darkgray\" title=\"Post Time\"><\/i>\n\t\t<span class=\"post-footer-value\">1 janvier 2025<\/span>\n\t<\/a>\n\t\t\t\t\t<\/div>\n\t\t\t\t<div class=\"mdc-card__action-buttons col-xs-12 col-sm-fit no-padding\">\n\t\t\t\t\t<a href=\"https:\/\/biosedev.com\/index.php\/2025\/01\/01\/1391\/\" class=\"button color2 link\">Lire la suite<\/a>\n\t\t\t\t<\/div>\n\t\t\t<\/div>\n\t\t\t<\/div>\n\t\t\t\t<\/div>\n\t\t\t\t\t\t<div id=\"post-1398\" class=\"col-sm-6 col-md-4 space-bottom space-bottom-xs\">\n\t\t\t\t\t<div class=\"post-content no-padding  mdc-card overflow-hidden mdc-elevation--z2 latest-news-layout-cards\">\n\t\t\t\t\t<div class=\"\">\n\t\t\t\t    <div class=\"post-thumbnail\">\n        <a href=\"https:\/\/biosedev.com\/index.php\/2024\/11\/15\/la-mecanochimie-au-service-de-la-transition-ecologique\/\" class=\"post-list-item-thumb \">\n            <img width=\"800\" height=\"532\" src=\"https:\/\/biosedev.com\/wp-content\/uploads\/2025\/01\/2.jpg\" class=\"attachment-post-thumbnail size-post-thumbnail wp-post-image\" alt=\"\" loading=\"lazy\" srcset=\"https:\/\/biosedev.com\/wp-content\/uploads\/2025\/01\/2.jpg 800w, https:\/\/biosedev.com\/wp-content\/uploads\/2025\/01\/2-300x200.jpg 300w, https:\/\/biosedev.com\/wp-content\/uploads\/2025\/01\/2-768x511.jpg 768w\" sizes=\"(max-width: 800px) 100vw, 800px\" \/>        <\/a>\n    <\/div>\n    \t\t\t<\/div>\n\t\t\n\t\t<div class=\"post-content-body col-padding  \">\n\t\t\t\t\t\t\t<div class=\"space-bottom-small\">\n\t\t\t\t\t<a href=\"https:\/\/biosedev.com\/index.php\/category\/annonces\/\"  class=\"button color5 link \">Annonces<\/a>\t\t\t\t<\/div>\n\t\t\t\n\t\t\t<h4 class=\"latest-news-item-title\">\n\t\t\t\t<a href=\"https:\/\/biosedev.com\/index.php\/2024\/11\/15\/la-mecanochimie-au-service-de-la-transition-ecologique\/\" rel=\"bookmark\">\n\t\t\t\t\tLa m\u00e9canochimie au service de la transition \u00e9cologique\t\t\t\t<\/a>\n\t\t\t<\/h4>\n\n\t\t\t\n\t\t\t<div class=\"latest-news-item-excerpt\">\n\t\t\t\t<p>Avec des contraintes de durabilit\u00e9 de plus en plus pressantes et des r\u00e9gulations exigeant des[&hellip;]\n\t\t\t<\/div>\n\n\n\t\t<\/div>\n\t\t\t\t\t\t\t<div class=\"mdc-card__actions box-padding-lr-small text-dark\">\n\t\t\t\t<div class=\"mdc-card__action-icons col-xs-12 text-dark col-sm-fit no-padding-left\">\n\t\t\t\t\t\t<a class=\"post-footer-link\" href=\"https:\/\/biosedev.com\/index.php\/2024\/11\/15\/la-mecanochimie-au-service-de-la-transition-ecologique\/\">\n\t\t<i class=\"mdi small mdi-comment-outline mdc-card__action mdc-card__action--icon color-darkgray\" title=\"Comments\"><\/i>\n\t\t<span class=\"post-footer-value\">0<\/span>\n\t<\/a>\n\t<a class=\"post-footer-link\" href=\"https:\/\/biosedev.com\/index.php\/2024\/11\/15\/la-mecanochimie-au-service-de-la-transition-ecologique\/\">\n\t\t<i class=\"mdi small mdi-clock mdc-card__action mdc-card__action--icon color-darkgray\" title=\"Post Time\"><\/i>\n\t\t<span class=\"post-footer-value\">15 novembre 2024<\/span>\n\t<\/a>\n\t\t\t\t\t<\/div>\n\t\t\t\t<div class=\"mdc-card__action-buttons col-xs-12 col-sm-fit no-padding\">\n\t\t\t\t\t<a href=\"https:\/\/biosedev.com\/index.php\/2024\/11\/15\/la-mecanochimie-au-service-de-la-transition-ecologique\/\" class=\"button color2 link\">Lire la suite<\/a>\n\t\t\t\t<\/div>\n\t\t\t<\/div>\n\t\t\t<\/div>\n\t\t\t\t<\/div>\n\t\t\t\t<\/div>\n\t<\/div>\n<\/div>\n<div class=\"row\">\n<div class=\"col-xs-12 text-center\"><a class=\"button big color1 mdc-elevation--z3 mdc-ripple-upgraded\" href=\"http:\/\/biosedev.com\/index.php\/blog\/\" data-attr-shortcode=\"href:materialis_blog_link\">Plus d\u2019actus<\/a><\/div>\n<\/div>\n<\/div>\n<\/div>\n<!-- \/wp:extendstudio\/materialis -->\n<!-- wp:extendstudio\/materialis -->\n\n<!-- \/wp:extendstudio\/materialis -->\n<!-- wp:extendstudio\/materialis -->\n<div id=\"contact-1\" class=\"contact-1 content-section content-section-spacing-large content-relative white-text\" data-label=\"Contact\" data-id=\"contact-1\" data-export-id=\"contact-1\" data-category=\"contact\" data-parallax-depth=\"20\">\n<div class=\"gridContainer\">\n<div class=\"row text-center\">\n<div class=\"section-title-col\" data-type=\"column\">\n<h2 class=\"\">Contactez nous<\/h2>\n<p class=\"lead\">Une demande particuli\u00e8re, envie d\u2019en savoir plus<\/p>\n\n<\/div>\n<\/div>\n<div class=\"row text-center\">\n<div class=\"col-xs-12 col-sm-8 col-sm-offset-2 contact-form-wrapper inline-info\">\n<div class=\"card mdc-elevation--z3 col-padding-top\">\n<div id=\"\" class=\"dark-text\" title=\"\" data-content-shortcode=\"materialis_contact_form shortcode=\" data-editable=\"true\"><div role=\"form\" class=\"wpcf7\" id=\"wpcf7-f182-o1\" lang=\"fr-FR\" dir=\"ltr\">\n<div class=\"screen-reader-response\"><p role=\"status\" aria-live=\"polite\" aria-atomic=\"true\"><\/p> <ul><\/ul><\/div>\n<form action=\"\/index.php\/wp-json\/wp\/v2\/pages\/295#wpcf7-f182-o1\" method=\"post\" class=\"wpcf7-form init\" novalidate=\"novalidate\" data-status=\"init\">\n<div style=\"display: none;\">\n<input type=\"hidden\" name=\"_wpcf7\" value=\"182\" \/>\n<input type=\"hidden\" name=\"_wpcf7_version\" value=\"5.4.1\" \/>\n<input type=\"hidden\" name=\"_wpcf7_locale\" value=\"fr_FR\" \/>\n<input type=\"hidden\" name=\"_wpcf7_unit_tag\" value=\"wpcf7-f182-o1\" \/>\n<input type=\"hidden\" name=\"_wpcf7_container_post\" value=\"0\" \/>\n<input type=\"hidden\" name=\"_wpcf7_posted_data_hash\" value=\"\" \/>\n<input type=\"hidden\" name=\"_wpcf7_recaptcha_response\" value=\"\" \/>\n<\/div>\n<p><label> Votre courriel (obligatoire)<br \/>\n<span class=\"wpcf7-form-control-wrap your-email\"><input type=\"email\" name=\"your-email\" value=\"\" size=\"40\" class=\"wpcf7-form-control wpcf7-text wpcf7-email wpcf7-validates-as-required wpcf7-validates-as-email\" aria-required=\"true\" aria-invalid=\"false\" \/><\/span><\/label><\/p>\n<p><label> Votre t\u00e9l\u00e9phone<br \/>\n<span class=\"wpcf7-form-control-wrap tel-228\"><input type=\"tel\" name=\"tel-228\" value=\"\" size=\"40\" class=\"wpcf7-form-control wpcf7-text wpcf7-tel wpcf7-validates-as-tel\" aria-invalid=\"false\" \/><\/span><\/label><\/p>\n<p><label> Votre nom (obligatoire)<br \/>\n<span class=\"wpcf7-form-control-wrap your-name\"><input type=\"text\" name=\"your-name\" value=\"\" size=\"40\" class=\"wpcf7-form-control wpcf7-text wpcf7-validates-as-required\" aria-required=\"true\" aria-invalid=\"false\" \/><\/span><\/label><\/p>\n<p><label> Votre entreprise<br \/>\n<span class=\"wpcf7-form-control-wrap Entreprise\"><input type=\"text\" name=\"Entreprise\" value=\"\" size=\"40\" class=\"wpcf7-form-control wpcf7-text\" aria-invalid=\"false\" \/><\/span><\/label><\/p>\n<p><label> Votre fonction<br \/>\n<span class=\"wpcf7-form-control-wrap Fonction\"><input type=\"text\" name=\"Fonction\" value=\"\" size=\"40\" class=\"wpcf7-form-control wpcf7-text\" aria-invalid=\"false\" \/><\/span><\/label><\/p>\n<p><label> Objet<br \/>\n<span class=\"wpcf7-form-control-wrap your-subject\"><input type=\"text\" name=\"your-subject\" value=\"\" size=\"40\" class=\"wpcf7-form-control wpcf7-text\" aria-invalid=\"false\" \/><\/span><\/label><\/p>\n<p><label><br \/>\n <span class=\"wpcf7-form-control-wrap your-message\"><textarea name=\"your-message\" cols=\"40\" rows=\"10\" class=\"wpcf7-form-control wpcf7-textarea\" aria-invalid=\"false\"><\/textarea><\/span> <\/label><br \/>\n<span class=\"wpcf7-form-control-wrap wpgdprc\"><span class=\"wpcf7-form-control wpcf7-validates-as-required wpcf7-wpgdprc\"><span class=\"wpcf7-list-item\"><input type=\"checkbox\" name=\"wpgdprc\" value=\"1\" aria-required=\"true\" aria-invalid=\"false\" \/><span class=\"wpcf7-list-item-label\">En utilisant ce formulaire, vous acceptez le stockage et le traitement de vos donn\u00e9es par ce site Web.<\/span><\/span><\/span>    <\/span><\/p>\n<p><input type=\"submit\" value=\"Envoyer\" class=\"wpcf7-form-control wpcf7-submit\" \/><\/p>\n<div class=\"wpcf7-response-output\" aria-hidden=\"true\"><\/div><\/form><\/div><\/div>\n<div title=\"\" data-content-shortcode=\"materialis_contact_form shortcode=\" data-editable=\"true\"><\/div>\n<\/div>\n<\/div>\n<\/div>\n<\/div>\n<\/div>\n<!-- \/wp:extendstudio\/materialis -->\n\n<\/div>\n<\/div>\n<\/div>\t\t\t\t\t<\/div>\n\t\t\t\t\t\t<\/div>\n\t\t\t\t<\/div>\n\t\t\t\t\t\t<\/div>\n\t\t\t\t\t<\/div>\n\t\t<\/div>\n\t\t\t\t\t\t\t\t<\/div>\n\t\t\t\t\t<\/div>\n\t\t<\/section>\n\t\t\t\t\t\t\t\t\t<\/div>\n\t\t\t<\/div>\n\t\t\t\t\t<\/div>\n\t\t","protected":false},"excerpt":{"rendered":"","protected":false},"author":1,"featured_media":0,"parent":0,"menu_order":0,"comment_status":"closed","ping_status":"closed","template":"page-templates\/homepage.php","meta":[],"_links":{"self":[{"href":"https:\/\/biosedev.com\/index.php\/wp-json\/wp\/v2\/pages\/295"}],"collection":[{"href":"https:\/\/biosedev.com\/index.php\/wp-json\/wp\/v2\/pages"}],"about":[{"href":"https:\/\/biosedev.com\/index.php\/wp-json\/wp\/v2\/types\/page"}],"author":[{"embeddable":true,"href":"https:\/\/biosedev.com\/index.php\/wp-json\/wp\/v2\/users\/1"}],"replies":[{"embeddable":true,"href":"https:\/\/biosedev.com\/index.php\/wp-json\/wp\/v2\/comments?post=295"}],"version-history":[{"count":48,"href":"https:\/\/biosedev.com\/index.php\/wp-json\/wp\/v2\/pages\/295\/revisions"}],"predecessor-version":[{"id":1316,"href":"https:\/\/biosedev.com\/index.php\/wp-json\/wp\/v2\/pages\/295\/revisions\/1316"}],"wp:attachment":[{"href":"https:\/\/biosedev.com\/index.php\/wp-json\/wp\/v2\/media?parent=295"}],"curies":[{"name":"wp","href":"https:\/\/api.w.org\/{rel}","templated":true}]}}